*3 - k. Is v(h) composite?
False
Let v(m) = -149*m - 2. Is v(-5) composite?
False
Let z = -1 - -14. Suppose -2*b - 27 = z. Let w = b - -35. Is w a prime number?
False
Suppose -a + 94 = -2*w + 29, 2*w = 4. Suppose -20 = -5*b, 3*u - 290 = 4*b - a. Is u composite?
False
Let r = -20 - -17. Is (2 - 369)/(r + 2) composite?
False
Suppose -3*r + 119 = -2*v + 6*v, -4*v = r - 45. Is r prime?
True
Let c(t) = -346*t - 43. Is c(-18) a prime number?
False
Suppose 5*t - 2*f = 9, 0 = -0*t - 3*t - 2*f + 15. Suppose 163 = 2*o + 8*v - t*v, 3*v = 3. Is o composite?
False
Let f be (-40)/(-6) + 4/12. Is (5 - f)/((-1)/23) a prime number?
False
Suppose 0 = -5*h + 2*h + 195. Is h prime?
False
Let r(q) = -127*q**3 + q**2 - 1. Suppose -2*m - m - 3 = 0. Is r(m) a prime number?
True
Suppose 5333 + 255 = 4*v. Is v a prime number?
False
Suppose -h = 3*o + o - 1194, 5*h = -5*o + 1485. Is o a prime number?
False
Suppose 2*y = 92 + 42. Is y composite?
False
Let b = -80 + 169. Let f = b - 51. Is f prime?
False
Let j be 8 - (3 - 1/(-1)). Suppose -2*s + j*s = 158. Is s composite?
False
Let a(p) = -3*p**2 + 7*p - 7. Let t be a(6). Let j = -35 - t. Is j prime?
False
Let y = 3568 - 2363. Suppose 3*x - 2*o - y = 0, -5 = 4*o + o. Is x composite?
False
Suppose 8*a - 264 = 3*a + 2*k, -3*k - 110 = -2*a. Let c = 89 - a. Suppose u - 40 - c = 0. Is u a composite number?
True
Let w(o) = 273*o. Let m be w(1). Let p = m - 188. Is p prime?
False
Let g be (-7)/((-21)/174) - 3. Suppose 0 = 10*c - 11*c + g. Is c prime?
False
Let y be (-244)/10 + 4/10. Suppose 5*t = -2 + 7. Is (y - -1)/(0 - t) a prime number?
True
Suppose -z - 299 = -111. Is z/(-12)*(-9)/(-1) composite?
True
Is (-2 + 0 + -5)*-293 composite?
True
Is (5 - 3)*71/2 composite?
False
Let h = -17 - -17. Suppose 5*y - j + 0*j - 170 = 0, 4*j - 20 = h. Is y prime?
False
Let t be (-18)/5 + (-8)/20. Let x(o) = o**2 + 4*o + 5. Let z be x(t). Is 487/z - 6/15 a composite number?
False
Let d = -96 - -158. Is d composite?
True
Let x be 0/(-2) + (-8)/(-1). Let y be 33/12 - (-2)/x. Suppose -f = -28 + y. Is f composite?
True
Let i(k) = -23*k - 14. Let f(p) = 8*p + 5. Let z(q) = -11*f(q) - 4*i(q). Is z(9) prime?
True
Let n be (-52)/39*3/(-2). Is n/(-6) + 35456/24 prime?
False
Let y(c) = c**3 - 4*c**2 + c + 7. Is y(5) prime?
True
Suppose -f - 20 = 4*u, -4*f - 2*u - 15 = u. Let q be 4 + -2 + f/(-2). Let g = q - -11. Is g composite?
False
Is 3 - (-304)/6 - 6/9 prime?
True
Suppose -10*v + 4772 = -6*v. Is v a prime number?
True
Let r(u) = 79*u**2 + u - 1. Is r(2) a composite number?
False
Let r(y) = -5*y**3 + 2*y**2 + 2*y + 1. Let t be r(-3). Let w = t - 99. Is w prime?
False
Let d be (7 - 1)*3/6. Suppose -285 = -n - 2*n. Suppose d*z - n = -17. Is z a composite number?
True
Suppose 2*f = 7*f, f = 2*p. Suppose p*s = 5*s - 165. Is s a prime number?
False
Let b be (-1410)/(-25) + 2/(-5). Suppose -3*u - w = 84, -7*w = -2*u - 2*w - b. Let d = u + 173. Is d composite?
True
Suppose 2*n = 2*s + 808, -2*s + 820 = 2*n - 0*s. Is n composite?
True
Suppose 4*w = 5020 - 176. Is w prime?
False
Is (35/(-28))/1*232/(-2) a composite number?
True
Let y(o) be the second derivative of -o**3/6 + 3*o**2/2 + 3*o. Let k be y(3). Suppose -3*s + k*s = -147. Is s a composite number?
True
Let v be 1/(-2) + (-2)/4. Is 37/(2/(-10)*v) a composite number?
True
Suppose 2*z + z - 805 = -y, 0 = -4*z + 2*y + 1070. Suppose 4*m - 447 = 4*w + 577, m - 5*w = z. Is m a prime number?
False
Suppose -m + 20 = 3*m. Suppose -1128 = m*y + 482. Is ((-1)/(-2))/((-7)/y) composite?
False
Suppose -315 = -5*n + 90. Let j = 82 + n. Is j a prime number?
True
Let h be (-5)/10 + (-9)/(-2). Let m(t) = -t**3 + 6*t**2 - 5*t + 3. Is m(h) composite?
True
Let d(l) = l**3 + l**2 - 2. Let c be (-18)/(-8) - 9/36. Is d(c) a prime number?
False
Let p(d) be the first derivative of d**3/3 - 2*d**2 + 4*d - 1. Is p(5) a prime number?
False
Let b be (2 - -3)*(-1236)/(-10). Suppose -3*a + 626 = 4*p - 0*a, b = 4*p - a. Is p a prime number?
False
Suppose 3*w + 6 = 4*x + 3, 3*w = -x - 18. Let y = 5 + x. Suppose -15 - 6 = -o + y*f, -5*o - 5*f = -60. Is o a composite number?
True
Suppose 2825 - 13 = 4*d. Is d a composite number?
True
Suppose 1954 + 3001 = 5*w + 2*h, 0 = -2*w - 2*h + 1982. Is w composite?
False
Suppose 25 = 5*t, 3*c - 2*t + 30 + 7 = 0. Let u be (c/6)/(1/14). Is 4/(-14) + (-195)/u a composite number?
True
Let d be (-65)/(-25) - 6/10. Suppose d*a = -3*a - 55. Let t = -8 - a. Is t prime?
True
Suppose -2*b - 2*q - q = 15, -3*q - 15 = 0. Suppose b = n - 12 - 39. Let k = -28 + n. Is k a composite number?
False
Suppose 709 = a + 168. Is a a prime number?
True
Suppose 0 = -7*j + 4*j + 15. Suppose -j*t - a = 35, 43 = -2*t - t - 5*a. Is 9/t*268/(-6) prime?
True
Let l = -11 + 15. Let m = 11 - 5. Is 69/6 - m/l a composite number?
True
Let k = -18 - -30. Suppose -k + 0 = -2*a. Suppose -3*b = -a - 69. Is b prime?
False
Let w = 564 - 305. Is w a composite number?
True
Let n = -575 + 882. Is n composite?
False
Is (20 - 21)/((-1)/565) composite?
True
Suppose 3*n = -679 - 401. Let w = -221 - n. Is w a prime number?
True
Is (-4208)/(-14) + 3/7 prime?
False
Suppose -6*k = -5*k - 51. Let w = k + 328. Is w a prime number?
True
Let t be 1/2 - (-9)/(-2). Let n = t + 6. Suppose 2*f - 94 = -4*k, n*f + k - 79 = -0*k. Is f composite?
False
Let d = -241 - -386. Is d a composite number?
True
Is (0 - -487)*2/2 a composite number?
False
Let i = 527 + -316. Is i composite?
False
Let f = -6 + 6. Suppose 0 = -f*u - 2*u + 70. Is u a composite number?
True
Let v = 0 + 2. Suppose v*w - w - 95 = 0. Is w a composite number?
True
Let l be 2 + (0 - (2 + -2)). Suppose 0 = -3*i - l*i + 115. Is i a composite number?
False
Suppose 0 = -3*s - 0*s - 4*k + 45, 59 = 4*s + 5*k. Suppose 0 = 5*p + s + 9, -g - 5*p + 209 = 0. Suppose -3*r = -8 - g. Is r prime?
True
Suppose 0 = 5*u - u. Is (203/(-2) - u)*-2 composite?
True
Let q be (-1 - (0 + 1)) + 170. Suppose 3*u - n = 105, q = 3*u - 4*n + 54. Is u composite?
True
Suppose -4*w + 6*w - 2 = 0, -2*w + 313 = o. Is o a prime number?
True
Suppose -5*l = -7*l. Is l + -3 + 1550/5 composite?
False
Suppose 0 = -4*z - 4 + 24. Suppose z*i - 1310 = 180. Is i composite?
True
Let p be 0 - 5/((-10)/116). Is (-4)/8*-2 + p composite?
False
Suppose 2*z - 2*w + w = 1410, 3519 = 5*z - w. Is z composite?
True
Let s(y) = 20*y**2 + 2*y + 3. Is s(-3) composite?
True
Let t be (6798/55)/((-6)/(-40)). Suppose 4*f + 7*v = 3*v + t, -2*f + 4*v + 394 = 0. Is f composite?
True
Let q(y) = -y**3 - 7*y**2 + y + 6. Let j be q(-7). Let a(l) = -78*l**3 + l**2. Let b be a(j). Suppose -2*k + b = -k. Is k composite?
False
Suppose 59 = 2*x + 13. Let j = -30 + 14. Let c = x + j. Is c prime?
True
Let z(h) = h**2 + 6*h + 5. Suppose -y = 4*y + 5*u, 5*y + 12 = -2*u. Let o be z(y). Let w(g) = -g**2 - 6*g. Is w(o) prime?
False
Suppose 33*p = 30*p + 873. Is p composite?
True
Suppose -t + 610 = -285. Is t prime?
False
Suppose 5*v + 115 = -0*v. Let r = v - -44. Is r composite?
True
Suppose -5*p - 3*g + 53 = 0, 2*p + 4*g - 11 = -1. Is p composite?
False
Suppose -4*w + 4*c + 1216 = 0, -2*c - 2 = -4*c. Is w prime?
False
Let z = 8 + -6. Suppose 4*w + 101 = z*n + w, n - 43 = -w. Is n a composite number?
True
Let q = -7092 + 3000. Let c = -2549 - q. Is c a prime number?
True
Suppose -5*p = 5*z - 45 - 35, -4*z - 5*p = -61. Is z prime?
True
Let j(d) = 0*d + 4*d - 4*d**2 - 2 + 0*d. Let p be j(3). Let k = p - -41. Is k a composite number?
True
Suppose -5*g + 4*x = -2165, 4*g - 1521 = 3*x + 212. Is g a prime number?
False
Let m(z) = -4*z**3 + 2*z**2 - 5*z + 24. Is m(-7) a prime number?
False
Suppose -6 = -2*q + 5*z, -q - 5*z + 3 = -3*z. Let u(k) = -k + 78*k**2 + 3*k - q*k. Is u(-1) a composite number?
False
Let i(l) = l**3 + 3*l**2 - 7*l - 5. Let z be i(-4). Suppose 35 = 3*r - c, -z + 2 = -3*r - 5*c. Is r composite?
True
Suppose 33 = -3*p - n + 1223, -5*p = -n - 1970. Is p prime?
False
Is (15768/30 - 4) + (-3)/5 composite?
False
Let f = 29 + -8. Is f a composite number?
True
Let i be (-1055)/(-9) - (-4)/(-18). Suppose 3*k + k + 24 = 0. Let b = k + i. Is b prime?
False
Suppose 3*i = i + 10. Suppose -i = q + 1. Is 17*-1*q/2 a composite number?
True
Let t = -15196 - -27711. Is t prime?
False
Let k be 15/(-9) - 6/(-9). Is (6/24)/(k/(-892)) a composite number?
False
Let s(j) = 4*j. Let